{"id":1091,"date":"2021-01-24T20:45:34","date_gmt":"2021-01-24T20:45:34","guid":{"rendered":"https:\/\/mcbeschriftungen.ch\/?page_id=1091"},"modified":"2021-02-26T21:00:23","modified_gmt":"2021-02-26T21:00:23","slug":"impressum","status":"publish","type":"page","link":"https:\/\/mcbeschriftungen.ch\/?page_id=1091","title":{"rendered":"Impressum"},"content":{"rendered":"\n\n<h3 id=\"cc-m-header-17977775625\">KONTAKTDATEN<\/h3>\nMartin Cincera Beschriftungen<br \/>\nSch\u00fcrmatt 2<br \/>\n8964 Rudolfstetten\nTel: +41 56 633 36 79<br \/>\nE-Mail: info@mcbeschriftungen.ch\n<h3 id=\"cc-m-header-17977782525\">HANDELREGISTEREINTRAG<\/h3>\n<p>CH-020.1.010.217-2<\/p>\n<h3 id=\"cc-m-header-17977783425\">MEHRWERTSTEURENUMMER<\/h3>\n<p>CHE-102.671.358<\/p>\n<h3 id=\"cc-m-header-17977777425\">KONZEPTION, WEBDESIGN UND TECHNISCHE UMSETZUNG<\/h3>\nwebpulse k\u00f6chle f\u00fcrling<br \/>\nBinzmatt 4<br \/>\n8142 Uitikon\n<p>www.webpulse.ch<\/p>\n<h3 id=\"cc-m-header-17977779925\">FOTOS<\/h3>\n<p>Martin Cincera Beschriftungen<\/p>\n<p>pixabay free images, www.pixabay.com<\/p>\n<h3 id=\"cc-m-header-17977789325\">HAFTUNGSANSCHLUSS<\/h3>\n<p>Der Autor \u00fcbernimmt keinerlei Gew\u00e4hr hinsichtlich der inhaltlichen Richtigkeit, Genauigkeit, Aktualit\u00e4t, Zuverl\u00e4ssigkeit und Vollst\u00e4ndigkeit der Informationen.<\/p>\n<p>Haftungsanspr\u00fcche gegen den Autor wegen Sch\u00e4den materieller oder immaterieller Art, welche aus dem Zugriff oder der Nutzung bzw. Nichtnutzung der ver\u00f6ffentlichten Informationen, durch Missbrauch der Verbindung oder durch technische St\u00f6rungen entstanden sind, werden ausgeschlossen.<\/p>\n<p>Alle Angebote sind unverbindlich. Der Autor beh\u00e4lt es sich ausdr\u00fccklich vor, Teile der Seiten oder das gesamte Angebot ohne gesonderte Ank\u00fcndigung zu ver\u00e4ndern, zu erg\u00e4nzen, zu l\u00f6schen oder die Ver\u00f6ffentlichung zeitweise oder endg\u00fcltig einzustellen.<\/p>\n<h3 id=\"cc-m-header-17977790625\">HAFTUNG F\u00dcR LINKS<\/h3>\n<p>Verweise und Links auf Webseiten Dritter liegen ausserhalb unseres Verantwortungsbereichs Es wird jegliche Verantwortung f\u00fcr solche Webseiten abgelehnt. Der Zugriff und die Nutzung solcher Webseiten erfolgen auf eigene Gefahr des Nutzers oder der Nutzerin.<\/p>\n<h3 id=\"cc-m-header-17977803225\">URHEBERRECHTE<\/h3>\n<p>Die Urheber- und alle anderen Rechte an Inhalten, Bildern, Fotos oder anderen Dateien auf der Website geh\u00f6ren ausschliesslich Martin Cincera Beschriftungen\u00a0\u00a0oder den speziell genannten Rechtsinhabern. F\u00fcr die Reproduktion jeglicher Elemente ist die schriftliche Zustimmung der Urheberrechtstr\u00e4ger im Voraus einzuholen.<\/p>\n\n","protected":false},"excerpt":{"rendered":"<p>KONTAKTDATEN Martin Cincera Beschriftungen Sch\u00fcrmatt 2 8964 Rudolfstetten Tel: +41 56 633 36 79 E-Mail: info@mcbeschriftungen.ch HANDELREGISTEREINTRAG CH-020.1.010.217-2 MEHRWERTSTEURENUMMER CHE-102.671.358 KONZEPTION, WEBDESIGN UND TECHNISCHE UMSETZUNG webpulse k\u00f6chle f\u00fcrling Binzmatt 4 8142 Uitikon www.webpulse.ch FOTOS Martin Cincera Beschriftungen pixabay free images, www.pixabay.com HAFTUNGSANSCHLUSS Der Autor \u00fcbernimmt keinerlei Gew\u00e4hr hinsichtlich der inhaltlichen Richtigkeit, Genauigkeit, Aktualit\u00e4t, Zuverl\u00e4ssigkeit und [&hellip;]<\/p>\n","protected":false},"author":1,"featured_media":0,"parent":0,"menu_order":0,"comment_status":"closed","ping_status":"closed","template":"","meta":{"site-sidebar-layout":"no-sidebar","site-content-layout":"page-builder","ast-site-content-layout":"default","site-content-style":"default","site-sidebar-style":"default","ast-global-header-display":"","ast-banner-title-visibility":"","ast-main-header-display":"","ast-hfb-above-header-display":"","ast-hfb-below-header-display":"","ast-hfb-mobile-header-display":"","site-post-title":"disabled","ast-breadcrumbs-content":"","ast-featured-img":"disabled","footer-sml-layout":"","ast-disable-related-posts":"","theme-transparent-header-meta":"","adv-header-id-meta":"","stick-header-meta":"","header-above-stick-meta":"","header-main-stick-meta":"","header-below-stick-meta":"","astra-migrate-meta-layouts":"default","ast-page-background-enabled":"default","ast-page-background-meta":{"desktop":{"background-color":"","background-image":"","background-repeat":"repeat","background-position":"center center","background-size":"auto","background-attachment":"scroll","background-type":"","background-media":"","overlay-type":"","overlay-color":"","overlay-opacity":"","overlay-gradient":""},"tablet":{"background-color":"","background-image":"","background-repeat":"repeat","background-position":"center center","background-size":"auto","background-attachment":"scroll","background-type":"","background-media":"","overlay-type":"","overlay-color":"","overlay-opacity":"","overlay-gradient":""},"mobile":{"background-color":"","background-image":"","background-repeat":"repeat","background-position":"center center","background-size":"auto","background-attachment":"scroll","background-type":"","background-media":"","overlay-type":"","overlay-color":"","overlay-opacity":"","overlay-gradient":""}},"ast-content-background-meta":{"desktop":{"background-color":"var(--ast-global-color-5)","background-image":"","background-repeat":"repeat","background-position":"center center","background-size":"auto","background-attachment":"scroll","background-type":"","background-media":"","overlay-type":"","overlay-color":"","overlay-opacity":"","overlay-gradient":""},"tablet":{"background-color":"var(--ast-global-color-5)","background-image":"","background-repeat":"repeat","background-position":"center center","background-size":"auto","background-attachment":"scroll","background-type":"","background-media":"","overlay-type":"","overlay-color":"","overlay-opacity":"","overlay-gradient":""},"mobile":{"background-color":"var(--ast-global-color-5)","background-image":"","background-repeat":"repeat","background-position":"center center","background-size":"auto","background-attachment":"scroll","background-type":"","background-media":"","overlay-type":"","overlay-color":"","overlay-opacity":"","overlay-gradient":""}},"footnotes":""},"class_list":["post-1091","page","type-page","status-publish","hentry"],"_links":{"self":[{"href":"https:\/\/mcbeschriftungen.ch\/index.php?rest_route=\/wp\/v2\/pages\/1091","targetHints":{"allow":["GET"]}}],"collection":[{"href":"https:\/\/mcbeschriftungen.ch\/index.php?rest_route=\/wp\/v2\/pages"}],"about":[{"href":"https:\/\/mcbeschriftungen.ch\/index.php?rest_route=\/wp\/v2\/types\/page"}],"author":[{"embeddable":true,"href":"https:\/\/mcbeschriftungen.ch\/index.php?rest_route=\/wp\/v2\/users\/1"}],"replies":[{"embeddable":true,"href":"https:\/\/mcbeschriftungen.ch\/index.php?rest_route=%2Fwp%2Fv2%2Fcomments&post=1091"}],"version-history":[{"count":2,"href":"https:\/\/mcbeschriftungen.ch\/index.php?rest_route=\/wp\/v2\/pages\/1091\/revisions"}],"predecessor-version":[{"id":1246,"href":"https:\/\/mcbeschriftungen.ch\/index.php?rest_route=\/wp\/v2\/pages\/1091\/revisions\/1246"}],"wp:attachment":[{"href":"https:\/\/mcbeschriftungen.ch\/index.php?rest_route=%2Fwp%2Fv2%2Fmedia&parent=1091"}],"curies":[{"name":"wp","href":"https:\/\/api.w.org\/{rel}","templated":true}]}}